615.
15
Suppose 4*s - 360 = 3*p, 22*s = 21*s + 5*p + 90. What is the greatest common factor of 115 and s?
5
Let c = -57 + 66. Suppose m + 315 = 4*m. Let u = 168 - m. Calculate the highest common factor of c and u.
9
Let x = -1219 + 978. Let w = x - -245. Suppose -2*y + 16 = 2*y. Calculate the highest common divisor of y and w.
4
Let t(l) = -l**3 + 10*l**2 - 13*l + 30. Let x be t(6). Let j = -217 - -377. What is the highest common factor of x and j?
32
Let k(w) = -1405*w + 5103. Let t be k(3). Calculate the greatest common divisor of t and 17464.
296
Let w = -97 + 192. Suppose -3*m + 3*z - 12 = 0, 13*m + 291*z - 292*z - 56 = 0. What is the greatest common divisor of m and w?
5
Suppose 2*j - 58 = -0*q + 3*q, 2*q - j + 40 = 0. Let f = q - -25. Let r be f - 12/3 - -9. Calculate the greatest common divisor of 56 and r.
8
Let a be 1 + 109/3 + (-4)/(-6). Suppose -a*i = -33*i - 30. Let m be 6/(-9) + 40/i. Calculate the greatest common divisor of m and 66.
6
Let p = -172 - -176. Suppose 3 - 11 = v - p*b, -4*v - 3*b = -25. Calculate the greatest common divisor of 68 and v.
4
Let m be ((-6)/8)/(4/(-2640)). Let i(w) = 4*w**2 - 35*w - 20. Let a be i(10). What is the greatest common divisor of a and m?
15
Suppose 152 = 4*f + 8. Let j(b) = b + 59 - 19 + 12 + 27. Let h be j(-25). Calculate the highest common factor of h and f.
18
Suppose 41*i + 130 = 15*i. Let o = i - -23. Let z be -2 - 1*(-2 - 24). Calculate the greatest common divisor of z and o.
6
Let m be (-165)/(-11) + -15 - (-67 - -1)/2. Let z be (-726)/9*9/(-2). What is the greatest common divisor of z and m?
33
Suppose -2118 = -10*m - 168. Suppose -6*x + 49 = -41. What is the greatest common factor of x and m?
15
Let a = 41285 + -41247. Suppose 245 = 2*i + 17. Calculate the greatest common factor of a and i.
38
Let u be (3/(-4))/(-1*(-2)/(-8)). Let l be (-42)/((-2)/(6/u)). Suppose 11*s - l = 4*s. What is the greatest common factor of 6 and s?
6
Suppose -45*h + 693 = -36*h. Suppose -4*m + 43 + h = 0. What is the greatest common divisor of m and 750?
30
Suppose -3 = 5*v - 18. Suppose -3*w - 105 = -v*c, 14*c - 12*c = -2*w + 54. What is the greatest common divisor of 62 and c?
31
Suppose -2*c - c = -72. Suppose -3*b + 448 = -5*k, 0 = 3*b - 6*k + 2*k - 452. What is the highest common factor of c and b?
12
Let i(s) = -284*s - 2090. Let c be i(-8). Calculate the greatest common divisor of 14 and c.
14
Let q(l) = -9*l + 34. Let y be q(4). Let s be 124 + (1*y - (-4 + 0)). Suppose n + s = 2*n. What is the highest common factor of 18 and n?
18
Suppose -9*z + 13*z = 12. Suppose p = 5*x - 4, 4*p - x = z*x. Let w be (-2 - -5)*(-1)/(-3) + p. What is the highest common factor of w and 1?
1
Let m = 29251 - 14681. What is the greatest common factor of 10 and m?
10
Let l be (-3 - (-2 - -1))*180/(-24). Suppose 0 = -l*s + 695 + 115. What is the greatest common factor of 54 and s?
54
Let o = 1463 - 715. Let i = -670 + o. Calculate the highest common divisor of i and 507.
39
Suppose -d + 748 = -2*v, -3*d = -67*v + 65*v - 2228. Calculate the greatest common divisor of d and 2146.
74
Suppose -39*t - 33*t = -1882 - 2078. Suppose 5*y = 5 + 15. Suppose -1 - y = -b. Calculate the greatest common factor of b and t.
5
Suppose -3*a - 38 = -4*a - 2*y, 4*a = 2*y + 102. Let w(t) = t**3 + 8*t**2 + 11*t + 8. Let c be w(-5). What is the greatest common factor of c and a?
28
Let w = -57 - -59. Suppose 0*l - 5*h = w*l + 60, 5*h - 80 = 5*l. Let m = 38 + l. Calculate the highest common divisor of m and 12.
6
Suppose 71*t = -4165 + 38671. What is the highest common factor of 3 and t?
3
Suppose -89*z = -92*z + 1089. Calculate the highest common divisor of z and 6.
3
Suppose -b + 4*u = -4*b + 122, -u = 5*b - 209. Suppose -4*z - 66 + 340 = 5*h, 0 = -h + 3*z + 51. What is the greatest common divisor of h and b?
6
Let c(k) = 5*k**3 + 18*k**2 - 4*k - 1. Let s be c(2). What is the greatest common divisor of s and 15656?
103
Let n(h) = -h**3 + 18*h**2 + 15*h + 42. Suppose -142*p - 108 = -148*p. Let x be n(p). What is the highest common factor of x and 39?
39
Let h(o) = 1877*o + 334. Let u be h(1). What is the highest common divisor of u and 268?
67
Suppose c + 4*y = 388, -2*c - 5*y = 507 - 1274. Calculate the greatest common factor of c and 8.
8
Let z = -419 + 614. Let m = z - 90. Calculate the highest common divisor of 21 and m.
21
Let l(h) = 12*h**2 - 31*h + 28. Let a be l(4). Suppose 19 = 5*u + 4. Calculate the highest common factor of u and a.
3
Let n be 4*-4*-1 + (7 + -1 - 10). Calculate the highest common divisor of n and 39972.
12
Let n(r) = 37*r**3 + r**2 + 28*r - 89. Let y be n(3). Calculate the highest common factor of 708 and y.
59
Suppose 5*y = -217 + 242. Suppose 5*q = -4*c + 309, -204 = -y*q - c + 102. Calculate the greatest common factor of q and 305.
61
Suppose 0 = -4*y - 5*f + 2884, -94*f = -y - 95*f + 721. Calculate the greatest common divisor of y and 1648.
103
Let y = -78 - -80. Suppose 0 = y*x - 76 - 20. Let p = x + 60. What is the greatest common factor of p and 12?
12
Let t = -143 + 153. Suppose -2*r = -t*r + 208. What is the highest common divisor of 104 and r?
26
Let o be 42*(48/21 + -2). Suppose o*a - 6136 = 776. Calculate the greatest common divisor of a and 18.
18
Let j be (48/(-10))/((-2)/(-20)). Suppose 0 = 110*l - 42*l + 2788. Let n = l - j. Calculate the highest common divisor of 14 and n.
7
Let t be 1*(3 - 3) - (-21)/3. Let k = 258 - 125. Calculate the highest common divisor of t and k.
7
Suppose -p = -9*n + 13*n - 19, 4*n = 4*p + 44. Let h(d) = -d + 0 - 3 + 33. Let s be h(0). What is the greatest common factor of s and n?
6
Let r be 188*((-102)/(-24))/17*6. What is the greatest common divisor of r and 2350?
94
Let k = -3096 + 3075. Let v(a) = 4*a**2 + 3*a - 4. Let h be v(3). Let n = h + k. Calculate the greatest common factor of 4 and n.
4
Suppose -224 = -2*b - 2*h, 71 - 83 = -3*h. What is the greatest common divisor of 156 and b?
12
Let y be (0 - (-136)/2) + 4. Let j(t) = 4*t - 22. Let w be j(6). Let l be w - -2 - -8 - 3. Calculate the highest common divisor of l and y.
9
Let t = -252 + 262. Suppose 192 + 318 = t*h. What is the highest common factor of 68 and h?
17
Suppose 7*p - 4*x - 160 = 3*p, -3*x = 3*p - 132. Let c = -935 - -943. Let o be (c - 12)*18/(-4). What is the greatest common divisor of p and o?
6
Let x(b) = 6*b - 8. Let d be x(2). Let f be (-375)/(-3) - (d + -5 - -5). What is the greatest common divisor of f and 11?
11
Suppose 6*s = -9*s + 121 + 119. What is the greatest common factor of s and 16?
16
Suppose 61*p - 59*p - 2 = 0, -4*j = p - 1453. What is the greatest common divisor of j and 24?
3
Suppose 0 = 6*w + 866 + 2518. Let y = w + 624. What is the greatest common divisor of 168 and y?
12
Suppose -4*t - 6050 = 47*t - 34100. Calculate the greatest common factor of 506 and t.
22
Suppose 19*l + 7 = 83. Suppose -l*s + 135 = -89. What is the greatest common factor of s and 8?
8
Let v(q) = -132*q + 12592. Let g be v(81). Calculate the highest common divisor of g and 400.
100
Let x(j) = 109*j**2 + 36*j + 38. Let c be x(-4). What is the highest common divisor of c and 105?
21
Let u be (-20)/(-15) + 1570/6. Let j(r) = -135*r + u*r - r**3 - 136*r - 9*r**2 + 19. Let p be j(-9). What is the highest common factor of 13 and p?
13
Let t(g) = g**3 + 52*g**2 - 18*g - 36. Let f be t(-52). Let j = 912 - f. Let u be (-1)/4 - 723/(-12). Calculate the greatest common divisor of j and u.
12
Let w be (-15)/(-6)*45*2. Let p(i) = i**3 + 100*i**2 - 4*i - 391. Let k be p(-100). Calculate the greatest common divisor of k and w.
9
Suppose f - 979 = -3*i, 96*f = 2*i + 101*f - 670. Calculate the greatest common divisor of i and 169.
13
Let r = 6885 - 6690. Suppose -4*q - q + 91 = 4*m, 2*q - 2*m = 22. What is the greatest common factor of q and r?
15
Let u(c) = 12*c**3 - 3*c**2 - 6*c + 3378. Let d be u(0). Calculate the greatest common divisor of 30 and d.
6
Suppose 0 = z - 7, 2*j - 4*z + 13 - 129 = 0. What is the highest common factor of 1206 and j?
18
Let z be ((-68)/(-6))/((338/18915)/13). Calculate the highest common divisor of 85 and z.
85
Suppose -162*x - 136398 = -1561043 + 152621. Calculate the highest common divisor of x and 364.
52
Suppose 2*l + 39 - 10 = 3*o, 5*o = l + 46. Suppose 177 - 861 = -o*a. Calculate the gre